 -3*s = 3*q - 4*q - 17, -s + 2 = 0. Let y = -4 - q. What is the units digit of y?
7
Suppose -62*r + 68*r = 1764. What is the units digit of r?
4
Let l = -1 + 5. Suppose -4*b = l*h - 152, -3*b + 2*b + 23 = 4*h. What is the tens digit of b?
4
Let m(u) be the second derivative of -u**3/6 - u**2 - u. Let q be m(-2). Suppose -2*x + 19 = 3*v, q = -3*x - 2*v + 29 - 3. What is the units digit of x?
8
Let c(x) be the second derivative of 7*x**5/20 - x**3/3 + x**2/2 + 3*x. What is the units digit of c(1)?
6
Suppose 5*i - 3*f = 2*f - 5, 5*f = 15. Suppose 4*g + i*w = -3*w + 94, -2*w = g - 22. What is the units digit of g?
6
Suppose 57 = 5*c + 167. Let v = c - -1. What is the units digit of 28/v*6/(-4)?
2
Let j(n) = n**3 + 91. Let x be j(0). Suppose -3*k + 3*h = -60, 4*h - x = -2*k - 3*k. What is the units digit of k?
9
Let h(s) = -3*s - 1. Let a be h(3). Let g(q) = -1. Let l(o) = -o - 28. Let z(j) = 5*g(j) - l(j). What is the tens digit of z(a)?
1
What is the units digit of 4*((-3)/3)/((-2)/73)?
6
Suppose 5*t = -z - 4, 0 = z + t - 6*t - 6. Suppose -q + 5 = z. Suppose d - 2*d + q = 0. What is the units digit of d?
4
Suppose -403 = -4*z - 5*j, z - 2*j = 3*z - 202. What is the units digit of z?
2
Suppose 4*x - 36 = -5*n, 4*n = -3*x - x + 32. Suppose -n*t + 224 = 84. What is the units digit of t?
5
Let m(f) = 2*f**2 - 7*f - 6. Let v be m(-5). Suppose -v = -5*z + 16. What is the tens digit of z?
1
What is the tens digit of (-7 - -3)/(-4) - (-127 - 0)?
2
Suppose 0*u - 6 = -3*u. Let g(d) = -u + 9*d - 2*d**2 + d**2 - 5. What is the units digit of g(8)?
1
Let a(k) = -k + 1. Let r be a(5). Let i(u) = -5*u + 1. Let p be i(2). Let q = r - p. What is the units digit of q?
5
Let g = 6 + -6. Suppose o = g, -2*s + o = -2*o - 2. What is the units digit of s?
1
Let w(z) = -28*z - 23. What is the hundreds digit of w(-8)?
2
Let n(m) = -5*m**2 - 22*m + 20. Let j(d) = -d**2 - d + 1. Let b(v) = -6*j(v) + n(v). What is the units digit of b(16)?
4
Let l(d) be the second derivative of d**4/6 + d**3/6 - 2*d. What is the units digit of l(1)?
3
Suppose 4*h = 2*a + 124, 0*h - 54 = -2*h - 3*a. What is the tens digit of h?
3
Suppose k - 47 = -4*k + 2*q, -4*k = -5*q - 41. Let y be k/(-9) - 0/(-1). Let m = y + 4. What is the units digit of m?
3
Let r(d) = 2*d - 1. Let b be r(3). Suppose 0*t + b*t + 110 = 0. Let q = -15 - t. What is the units digit of q?
7
Suppose -3*m - m = -4*j + 12, -7 = -3*m - j. Suppose -3*g + 5*v - 3 = -m, 0 = 4*g + 5*v + 61. What is the units digit of 3*4*(-6)/g?
8
Suppose -3*t = 47 - 284. Let v be t/3 - (-2)/(-6). Suppose 5*y - 49 = -2*w, -27 = -5*y - 4*w + v. What is the units digit of y?
9
Let t(d) = -d**3 + 5*d**2 - d. Let i(q) = -2*q**3 + 10*q**2 - q. Let a(x) = 4*i(x) - 9*t(x). What is the units digit of a(4)?
4
Let r(a) = -8*a + 2. Let q be r(-4). Suppose 0 = 2*n - n + 20. Let i = q + n. What is the tens digit of i?
1
Let n = 5 + -2. Suppose -n*v - 588 = v. What is the units digit of v/(-35) + 1/(-5)?
4
Let q(l) = -l**2 - 9*l + 6. What is the units digit of q(-5)?
6
Suppose -5*n - 198 = -i, 0*i - 4*i - 2*n + 770 = 0. What is the tens digit of i?
9
Let l(m) = m**3 - 6*m**2 + m - 1. Let u be l(6). Suppose u*h - 4 = 1. What is the units digit of h?
1
Let s(n) = -3*n + 5. Let d(w) = -2*w + 6. Let u(x) = 4*d(x) - 3*s(x). What is the units digit of u(-4)?
5
Let p(o) = o - 2. Let h be p(-4). Let y(v) = v**3 + 6*v**2 - 2*v - 9. What is the units digit of y(h)?
3
Let i(w) = w**3 + 5*w**2 - w - 3. Let q be i(-5). Let l(m) = -q + 1 + 2*m - 3. What is the units digit of l(5)?
6
Suppose 0 = 5*q - 3*q - 8. Suppose 0*g - 1 = -g - 3*i, 4*i = -q*g + 4. Let f = 11 + g. What is the units digit of f?
2
Let q be 96/15 - (-4)/(-10). Let l be (-62)/(-8) - q/8. Let x = 0 + l. What is the units digit of x?
7
Let t(j) = 6*j + 38. Let s(y) = 2*y + 13 - y - 4*y + 5*y. Let q(l) = 11*s(l) - 4*t(l). What is the units digit of q(-8)?
7
Let c(d) = 3*d**2 + 3*d - 48. What is the tens digit of c(-9)?
6
Let l(r) = -5*r**2 - r + 4. Let z be l(3). Let n = z + 25. Let c = n + 32. What is the tens digit of c?
1
Let t(j) be the first derivative of -1/2*j**2 - 2 + 3*j. What is the units digit of t(-4)?
7
Suppose -w = 4*w + 3*m - 1509, 0 = 3*m - 9. What is the units digit of w?
0
Let p(q) = -q**2 + 4*q + 7. Let f be p(5). Suppose -52 = -3*t + f*o, 3*o + o = t - 24. What is the tens digit of t?
1
Let t = -50 + 58. What is the units digit of t?
8
Let z(c) = c**2 - 3. Let g be z(3). Let y = -1 + g. Suppose -2*q - 16 = y*x - 5, -2*x - 16 = -5*q. What is the units digit of q?
2
Let f(u) = -u**2 - 10*u + 10. Let a be f(-10). Suppose -3*s = -a - 5. What is the units digit of s?
5
Suppose -4*f + 192 - 48 = 2*l, 0 = 4*l - 4*f - 288. What is the tens digit of l?
7
Suppose 0 = 8*m - 10*m + 42. What is the units digit of m?
1
Let i = -26 + 31. Suppose -3*v - 98 = -i*v. What is the tens digit of v?
4
Suppose -2*j - 12 = -6*j, 0 = -y + 5*j - 15. Let x(g) = 3*g**2 + y*g - g**2 - g**2 + 2 + g. What is the units digit of x(-2)?
4
What is the units digit of 68/8*4*(-3)/(-6)?
7
What is the tens digit of ((-4)/(-8))/(-2 + 1114/556)?
3
Let j(v) = -v - 2. Let g be j(-5). Suppose -g = 2*m - 1. Let a = 9 + m. What is the units digit of a?
8
Suppose 0 = 2*m - 2*k - 604, 0*k = -2*m - 5*k + 576. What is the units digit of m?
8
Let p(a) = a**2 + 13*a + 14. Let i be p(-12). Suppose -3*w + 3*q + 93 = 0, w - 2*q = i*w - 28. What is the tens digit of w?
3
Suppose 3*x = 5*a - 953 - 260, 731 = 3*a - x. What is the units digit of a?
5
Suppose -5*l = 4*f - 156, -3*l = -5*f + 23 + 135. Let a = -16 + f. What is the tens digit of a?
1
Suppose -2*p - 5*c = 18, 0 = -3*p - 3*c - 0*c - 27. What is the units digit of (6/9)/((-2)/p)?
3
Let n(c) = c**2 + 1. Let j be n(1). Suppose j*b - 1 - 9 = 0. What is the units digit of b?
5
What is the units digit of 130/3 + 30/45?
4
Let n = 43 - 19. What is the units digit of n?
4
Let d be (-12)/8 - (-26)/4. Suppose -5*c - u = -3*u - 20, -d*c - 3*u - 5 = 0. Suppose -2*z + 24 = 3*z - n, c*n = -3*z + 17. What is the units digit of z?
5
Let s(t) = t**2 - 8*t - 29. What is the units digit of s(14)?
5
Let p(t) = 0*t**3 + 3 + 7*t**3 + 2*t - 8*t**3 + 6*t**2. What is the units digit of p(6)?
5
Suppose 330 = -0*d + 5*d. Suppose d = 4*g - 62. What is the tens digit of g?
3
Suppose 4 = -4*m, 3*m - 108 = -3*w - 21. Suppose -w - 12 = -2*f. What is the tens digit of f?
2
Suppose 0 = -3*t + 6*t - 18. Suppose -5*m + t = 66. Let i = -6 - m. What is the units digit of i?
6
Let g = 75 - 38. What is the tens digit of g?
3
Let q(c) = c**2 - 8*c - 14. Let w be q(10). Let z(t) = -2*t + 3. Let f be z(2). Let b = f + w. What is the units digit of b?
5
Suppose 2*v + 3*c - 6*c + 12 = 0, -2*c + 8 = v. Suppose v*p = -5*p - 15. What is the units digit of ((-1)/2)/(p/36)?
6
Let f(y) = -2*y**3 + 3*y**2 - 2*y - 4. Let i(z) = 3*z**3 - 3*z**2 + z + 5. Let q(m) = 4*f(m) + 3*i(m). What is the units digit of q(-4)?
3
Suppose j - r + 4 = 52, 4*j + 4*r = 192. Let h = j - 27. What is the tens digit of h?
2
Suppose 5*j - 6 - 14 = 0. Let v(y) = -3 - 3*y**3 + 8 + j*y**3 - y**2 - y. What is the units digit of v(0)?
5
Let g = -3 - -2. What is the units digit of g/(-3) + 168/9?
9
Let x(k) = 4*k + 3. What is the units digit of x(2)?
1
Suppose -3*c = 2*s + 43, -5*s - 5*c = 63 + 47. Let v = s + -4. Let g = -18 - v. What is the units digit of g?
9
Suppose 5*q = 8*q. Suppose 2*z - 50 = -t, z - 2*z + 5 = q. What is the units digit of t?
0
Let u(x) = 7*x + 4*x + 2 - 8*x. What is the tens digit of u(5)?
1
Suppose 2*w - 3*y + 4 = -1, 3*y - 3 = 0. Let d be (w/(-3))/(3/45). Suppose -j + 6 = l, -d*l + 2 = j - 2*l. What is the units digit of j?
8
Let j = 145 + -66. What is the tens digit of j?
7
Let r(s) be the second derivative of 2*s - 1/20*s**5 + 0 - 1/2*s**2 + 5/12*s**4 + 1/6*s**3. What is the units digit of r(5)?
4
Let r = -3 - -5. Let u be r*((-93)/(-2))/(-3). Let i = -17 - u. What is the units digit of i?
4
Let p(b) = 117*b - 12. Let s(o) = -29*o + 3. Let q(u) = -5*p(u) - 21*s(u). Let m be q(2). Suppose -3*t + m = -0*t. What is the tens digit of t?
1
Suppose -2*m - 116 = -2*l, m = 3*l + l - 238. What is the tens digit of l?
6
Let c = 8 + -4. Let g(j) = 3*j - 1. What is the units digit of g(c)?
1
Let m = 22 + -12. What is the tens digit of m?
1
Let w = 9 +